est common divisor of 5885 and y?
55
Let a = -2658 - -2700. What is the greatest common divisor of 6720 and a?
42
Let x = -13 - -18. Suppose -407 - 841 = -2*n + 2*v, 5*n = -4*v + 3093. Let g = 676 - n. Calculate the highest common factor of g and x.
5
Suppose -70 = -12*t + 5*t. Suppose -t*n + 8*n = -20. What is the highest common divisor of 25 and n?
5
Let u = 4578 - 4256. What is the greatest common divisor of u and 414?
46
Let a = 2798 - 1513. Suppose 5*c + a = 5*i, -17*i = -18*i + 3*c + 259. Calculate the greatest common factor of i and 32.
32
Suppose -8*l = -2*b - 4*l + 2, -4*l = b - 19. Let m(f) = 2*f**3 - 13*f**2 + 25*f + 4. Let s be m(b). Calculate the greatest common divisor of 76 and s.
76
Let h be ((-2)/4)/(1/(-34)). Suppose -687*r = -845*r + 99382. What is the greatest common divisor of h and r?
17
Suppose 4*x = 259 - 27. Let m = 2117 + -1363. What is the highest common divisor of x and m?
58
Let p be (-57 + 27)/((-6)/5). Calculate the greatest common divisor of p and 505.
5
Suppose -5*m + m + 96 = 2*x, -3*m - 15 = 0. Let f = 70 - x. Let u be 68 - (f/3 + 0). What is the greatest common factor of u and 32?
32
Suppose 688 = 2*h - 3314. What is the greatest common factor of h and 138?
69
Let a be (-710)/(-497) - 348640/(-70). What is the highest common divisor of a and 954?
106
Suppose -15*w = -498 - 882. Let u = -116 + 185. Calculate the highest common divisor of u and w.
23
Let x = 15608 - 14963. What is the greatest common factor of 180 and x?
15
Let r = -206 - -208. Suppose 4*q - r*w = 648, 3*q - 178 = -4*w + 286. Calculate the highest common factor of 30 and q.
10
Let d(i) = 51*i. Let g be d(1). Suppose 0 = -9*y + 5*y - 4*q - 184, 3*q = 5*y + 214. Let t = g + y. What is the highest common factor of t and 35?
7
Suppose -9 = 3*a + 9. Let z = 15 + a. Let w be 5*((-891)/15)/(-3). Calculate the greatest common divisor of w and z.
9
Suppose -2159 = -3*s - 109 - 187. What is the greatest common factor of 253 and s?
23
Suppose -10*g = -41*g + 12183. Let u = g + -322. Calculate the greatest common divisor of u and 568.
71
Let m = 497 + -466. Suppose 7*l + m*l - 684 = 0. What is the highest common divisor of l and 288?
18
Let g be (5 - 6)/(2/394). Let o = 275 + g. Calculate the highest common factor of 104 and o.
26
Suppose 4*t - 129 = -3*f, -4*f + 172 = -3*t + t. Suppose -426284 = 173*q - 493235. Calculate the greatest common divisor of f and q.
43
Let f = 273 + -265. Suppose -2*z + 6 = z. Suppose -z*i + 3*l + 27 = 0, -4*i = 4*l - f*l - 44. Calculate the greatest common divisor of 2 and i.
2
Let o be (-42168)/(-126) + (-12)/(-9). What is the greatest common factor of o and 312?
24
Suppose 0 = -2182*u + 2176*u + 2022. What is the greatest common divisor of u and 1?
1
Let q(t) = -t + 21. Suppose 5*n - 3*a + 21 = 2*n, 0 = 3*n - 2*a + 17. Let r be q(n). Calculate the highest common divisor of 9 and r.
3
Suppose -5*a + 4*x + 448 = 0, 2*x - 43 = -a + 41. Let s(o) = 476*o - 69906. Let t be s(147). Calculate the greatest common factor of t and a.
22
Let y(j) = -j**2 + 0*j**2 + 4*j + 4*j**2 + j**2 + 2 - 2*j**3. Let v be y(-2). What is the highest common divisor of 650 and v?
26
Let n(p) = -2*p**2 + 17*p - 14. Let t be n(6). Let k be ((t/4)/(-1))/(16/(-72)). What is the highest common factor of k and 882?
18
Let j be 1*-3 - (-32 - 5). Suppose 5*c = -5*u + u - 629, -313 = 2*u + 3*c. Let l = -76 - u. What is the highest common divisor of l and j?
17
Let j(z) = -48*z + 66. Let h be j(19). Let g be ((-1)/(-3))/((-3)/h). Suppose 97 = k - 3*b - g, 12 = 4*b. Calculate the greatest common factor of k and 40.
40
Let p(q) be the third derivative of -77*q**4/24 - q**3/6 - 29*q**2. Let y be p(-2). Calculate the greatest common factor of y and 17.
17
Suppose -6 = -3*z + 2*i, 3*z + 2*i - 1 = 17. Suppose 2*c + 2*r - 98 = 0, -86 = -z*c + 2*r + 128. What is the greatest common divisor of c and 208?
52
Let y(x) = -39*x + 92*x + 81 - 38*x. Let s be y(-3). What is the highest common factor of s and 24?
12
Let k be -5 + 3 + 3*-2. Let q(n) be the first derivative of -5*n**2/2 - 31*n + 250. Let i be q(k). What is the highest common divisor of 18 and i?
9
Let k be 3 - (-13)/(52/(-720)). Let s = k - -1155. Suppose 2*p + s = 5*f + 222, 4*f - 612 = 4*p. What is the greatest common divisor of f and 60?
30
Let w = 14759 - 14663. What is the greatest common factor of w and 240?
48
Let v = -334 - -334. Suppose h - 2*h - 2*f + 25 = 0, -3*h - f + 65 = v. Calculate the greatest common factor of 1008 and h.
21
Suppose -628 = -2*d - 3*a, -4*a - 385 + 93 = -d. Let p = 149 + -105. Calculate the greatest common factor of p and d.
44
Let t(m) = 10*m + 80. Let k be t(-19). Let q = k + 130. Calculate the greatest common divisor of 460 and q.
20
Let y be (6/4 + (-3)/6)/1. Let v be (3 + (-3 - y))*-282. Calculate the greatest common divisor of 6 and v.
6
Let m = 52 - 88. Let l be (m/2 + 0)*-1. Let w = -46015 + 46033. Calculate the highest common divisor of w and l.
18
Let u(r) = -3*r**3 + 2*r**2 + 9*r + 36. Let o be u(-4). Suppose 277 = n + 3*g, -g - 912 = -2*n - 351. Calculate the greatest common divisor of n and o.
56
Let a(g) = -2*g**2 - 16*g + 16. Let i be a(-13). Let l = -63 - i. Let u = 33 + l. What is the greatest common factor of 24 and u?
12
Let q = 83 + -19. Suppose 40 = 5*a - 4*g - 3, 4*a = -3*g + 22. Suppose 84 = a*u + 28. What is the greatest common factor of u and q?
8
Let t be (-745)/(-2) + (-21)/(-14)*-1 - 3. What is the greatest common factor of 10764 and t?
92
Let c(f) = 10*f**2 + 31*f + 35. Let w be c(-6). What is the highest common divisor of 88 and w?
11
Let z = 1197 + -1166. Calculate the highest common factor of 527 and z.
31
Suppose 38*l + 353*l - 171791 = -32204. Calculate the greatest common factor of 4403 and l.
119
Let x(c) = -1442*c - 4312. Let h be x(-3). Let f(b) = 6*b**2 - 2*b + 1. Let l be f(3). Calculate the highest common divisor of h and l.
7
Suppose 12 = 2*b - 4*y, -67*b - 3*y + 1 = -66*b. Let f(k) = -k**2 + 8*k + 13. Let c = -13 + 22. Let a be f(c). What is the highest common factor of a and b?
4
Let q = 10335 - 8982. What is the highest common divisor of 33 and q?
33
Let x = -146 + 507. Let l = x - 190. What is the greatest common factor of 9 and l?
9
Let u(i) = 115*i**2 + 39*i - 1. Let v be u(-2). Calculate the greatest common divisor of 6 and v.
3
Let t be (-8 - -26 - 26) + (24 - (0 - 0)). Calculate the greatest common divisor of 178 and t.
2
Suppose 3*b + 18 = 3*x, 3*x = -2*b + b + 10. Let j = x + 3. Suppose -k - 3*g - j = 0, -2*k + 22 = 3*g - 6*g. Calculate the greatest common divisor of k and 55.
5
Suppose -3*x + 4*v + 31100 = 0, 32*v = 3*x + 31*v - 31121. What is the greatest common factor of 8 and x?
8
Let m = -65 - -97. What is the highest common factor of 1444 and m?
4
Suppose 561*w + 2408 = 568*w. Suppose 6*v - 2*v = 2*o + w, -156 = -2*v - 3*o. What is the highest common divisor of v and 48?
12
Let d = -1140 - -2736. Suppose 4*n + 4*a - d = 0, 2*n + 4*a - 5*a = 798. Calculate the highest common factor of 57 and n.
57
Let p = 26 - 23. Let v(a) = 48*a - 6. Let u be v(p). Suppose 0 = -4*c - 2*c + u. Calculate the highest common divisor of 69 and c.
23
Let x = 7804 + -5200. Calculate the greatest common divisor of 168 and x.
84
Let j = 13 + -8. Let m be (155/(-55) - 5 - (-22)/(-121)) + 13. What is the greatest common divisor of j and m?
5
Suppose 59 = 4*w + 15. Suppose 4 = -7*t + w. Let n be 0/t + 25 - (3 + 1). What is the greatest common factor of n and 63?
21
Let o be 2/8 + (-34)/136. Suppose -c + 5*f + 95 = o, -2*f + 1 + 3 = 0. Calculate the highest common factor of 21 and c.
21
Let h = -43 - -325. Suppose 3*k = h + 165. Let g = k + -50. Calculate the greatest common factor of 9 and g.
9
Let s = -281 + 1251. Suppose -s = -5*w + 425. Suppose -5*f + 5*o + 365 = -f, 2*o = 3*f - w. Calculate the greatest common divisor of 19 and f.
19
Let r be 2 - 18/(-1)*-9. Let j = 192 + r. What is the greatest common factor of 192 and j?
32
Let s(m) = 2402*m + 2369*m + 8*m**2 - 4718*m - 25. Let z be s(11). Calculate the greatest common factor of 14 and z.
14
Suppose 40 = a - 0. Suppose 2*g + 4*s - 602 = 38, 3*s + 1280 = 4*g. Calculate the greatest common factor of g and a.
40
Let j = 582 + -610. Let o(s) = -12*s + 204. Let q be o(j). What is the greatest comm